 = b, -5*b + k + 992 = 0. Calculate the highest common factor of 22 and b.
22
Let d(v) = -7*v + 44. Let i be d(2). What is the greatest common factor of i and 255?
15
Suppose 3*w - w - 52 = 0. Suppose -2*z + 28 = -3*i, -16 = z - 4*z - 2*i. Let l be (-4 - 74)*2/z*-2. What is the highest common divisor of w and l?
13
Suppose 2*y - d = -3*y + 35, 2*y = 3*d + 27. Let j be 32132/87 + (-2)/y. Calculate the greatest common divisor of 41 and j.
41
Let q be 4/(425/(-1610) - (-4)/14). Let f be q/18 + 4/(-18). Calculate the greatest common factor of 110 and f.
10
Let d(g) = g**2 + 2*g + 11. Let h be d(-11). Let w = 10 - 6. Let v = 7 + w. What is the highest common divisor of v and h?
11
Suppose 4*t + 20 = -3*h - 0*h, 2*h + 25 = -5*t. Let j be (-1)/(-2)*(4 + h). What is the greatest common divisor of 2 and j?
2
Suppose 20 = 2*b - 26. Suppose k = 2*k - 4. Suppose 1 + 3 = -4*d, b = 3*a + k*d. Calculate the highest common factor of 6 and a.
3
Suppose -139*u = -134*u - 15. What is the greatest common divisor of u and 21?
3
Let z(q) = -q**3 + 17*q**2 - 13*q - 31. Let f be z(16). Suppose -j = f - 77. Calculate the greatest common divisor of 48 and j.
12
Let w = 37 + -18. Let f be (15 - (-572)/(-39))*-3*19*-1. Calculate the highest common divisor of w and f.
19
Let o be (14 - (-9 - -19)) + (4 - -1). Let w = 209 + -83. What is the highest common factor of o and w?
9
Let b(y) = -2*y**3 - 34*y**2 + 4*y + 80. Let a be b(-17). Calculate the highest common divisor of a and 452.
4
Let k = -3 + 0. Let o be -1*10/k*3. Let c be 30/4*80/12. What is the highest common divisor of o and c?
10
Suppose -4*u - 159 = -w, 10*w - 462 = 7*w - 3*u. Let f(c) = c**2 + 14*c + 16. Let a be f(-15). Calculate the highest common divisor of w and a.
31
Suppose 3*m + 67 = 370. Suppose -5*y - 3*r + m = -y, 4*r = 12. What is the highest common divisor of y and 92?
23
Let g be (-1312)/8*3/(-6) - 6. What is the greatest common divisor of 950 and g?
38
Let i be 27*(55/15 + -1). Suppose 0 = 2*o - l + 3*l - 64, 2*o + 4*l - i = 0. What is the highest common divisor of o and 7?
7
Let b(z) = 4*z**3 + 4*z**2 - 3*z + 3. Let v be b(-4). Let c = v + 261. Calculate the highest common divisor of c and 12.
12
Let m(n) = n**3 - 8*n**2 - 22*n - 17. Let c be m(11). What is the greatest common factor of 24 and c?
8
Suppose 0 = 8*n + 20*n - 5208. What is the highest common divisor of n and 1023?
93
Suppose 3*x - 9 = -0*x. Suppose -2*y = o - 3, x*o - 4*y = 4*o - 5. Let z be -10 - -13 - -4*1/(-2). What is the greatest common divisor of o and z?
1
Let c = 50 - 33. Let u = 422 + -286. Calculate the highest common factor of c and u.
17
Let z(h) = -2*h**2 - 19*h - 25. Let m be z(-5). Calculate the highest common factor of 155 and m.
5
Suppose -s - q - 4 = q, -2*s - 5*q = 11. Suppose -s*t + 4*t = 22. What is the highest common factor of t and 1?
1
Suppose 0*c - 318 = -g + c, 3*g - 2*c - 959 = 0. What is the highest common factor of g and 17?
17
Suppose 9122 = 66*f + 1466. Calculate the greatest common factor of f and 2668.
116
Let o = 1161 - 966. Calculate the greatest common divisor of o and 15.
15
Let o(a) = 67*a**3 - 9*a**2 - 4*a + 5. Let s be o(2). What is the greatest common factor of s and 568?
71
Let t(f) = 4*f + 12. Let g be t(-12). Let a = g - -26. Let n be (28/a)/((-1)/5). What is the greatest common factor of 112 and n?
14
Let p(g) = -g**2 - 34*g - 43. Let a be p(-32). What is the highest common divisor of 35 and a?
7
Let j(w) = -7*w - 38. Let r be j(-6). Suppose 3*a - 5*a = r*h - 984, 2*h = -2*a + 494. Calculate the highest common factor of h and 49.
49
Suppose 4*b + 175 = 11*b. Let x = b - 21. Suppose 0 = -i + x*i - 39. Calculate the greatest common divisor of i and 91.
13
Let o(c) = -2*c + 4. Let f(t) = t**3 + 5*t**2 + 4*t - 3. Let y be f(-4). Let x be o(y). Let z = 5 + x. Calculate the greatest common factor of 75 and z.
15
Let r = 8 + 19. Suppose 22*w + 45 = r*w. What is the greatest common factor of w and 72?
9
Suppose 0 = -2*d - 3*d + 20. Suppose p = 6*p - d*v - 39, -5*p - 4*v + 71 = 0. Let g = -8 + 19. What is the highest common factor of p and g?
11
Let q be 44/24*-4*-9. Calculate the highest common factor of 22 and q.
22
Let g be (-52)/((-7)/(127 - 1)). What is the greatest common divisor of 72 and g?
72
Let i(u) = -58*u - 252. Let j be i(-10). Calculate the highest common divisor of j and 8.
8
Suppose -3*q + 13 - 1 = 0. Suppose -8*i = -9*i - 2. Let p = 4 + i. Calculate the greatest common factor of q and p.
2
Suppose -2*s + 479 = g, -5*g - 61 - 876 = -4*s. Calculate the greatest common divisor of 68 and s.
34
Let c be ((-1521)/(-26))/((-2)/(-24)). Calculate the highest common divisor of c and 26.
26
Suppose 24*n - 495 = 13*n. What is the highest common divisor of n and 153?
9
Let w be -28*(-4)/32*2. Suppose s + 59 = 3*j + 6*s, 4*s = -20. Calculate the highest common divisor of w and j.
7
Let b be 2/(-3)*-18 + 2. Let s = -10 + b. Suppose 4*a + 36 = l, -3*a = s*l - 6*a - 118. Calculate the greatest common factor of 4 and l.
4
Suppose -p - 4*g + 86 = 0, -p = p - 2*g - 132. What is the highest common divisor of p and 20?
10
Let o(s) = -6*s - 12. Let g(y) = y - 3. Let d be g(-5). Let q be o(d). Let j = q + -21. Calculate the highest common factor of 5 and j.
5
Let o(f) = -16*f - 126. Let y be o(-9). What is the greatest common divisor of y and 8?
2
Suppose -11*a = -1044 - 111. What is the highest common factor of 42 and a?
21
Let t(v) = v**2 - 9*v - 7. Let h be t(9). Let g(n) = n**3 + 7*n**2 - 3*n - 2. Let z be g(h). Let a = z + 1. What is the greatest common divisor of 4 and a?
4
Let f(y) = -18*y + 141. Let p be f(2). Calculate the highest common divisor of p and 84.
21
Let y = -44 - -89. Suppose -19*g + 1050 = 16*g - 0*g. Calculate the highest common factor of g and y.
15
Let n(p) = -11*p - 11. Let k be n(-9). Suppose -t = -3*t + k. Let d(c) = -2*c + 76. Let w be d(5). Calculate the greatest common divisor of w and t.
22
Suppose 0 = t - 5*n - 4, 0 = -2*t - 581*n + 582*n + 26. Let x(a) = 4*a**3 - a**2 - 3*a - 4. Let p be x(4). What is the highest common factor of p and t?
14
Suppose -3*v + 4*v - 35 = 0. Suppose -5*w = -845 + v. Let l be (-90)/(-4)*4/5. What is the highest common divisor of l and w?
18
Let z(x) = -9*x + 24. Let f be z(4). Let c be (100/6)/((-4)/f) - 1. What is the highest common factor of c and 7?
7
Let p be -5 - -71 - (5 + -2). Let h be (-6)/(-4)*16/6. Suppose -9 = -h*r + 27. What is the greatest common divisor of r and p?
9
Let a be 1311/(-76)*-2*(0 + 2). Calculate the highest common divisor of a and 1.
1
Suppose 78 = w + 6. Let d = 258 + w. Calculate the highest common factor of d and 30.
30
Suppose 44 = -2*i + 2*d, 122 = -5*i - 2*d + 4*d. Let x = i - -36. What is the greatest common factor of 10 and x?
10
Suppose 0 = -2*g + 3*w + 21, -5*w + 2*w = -5*g + 30. Suppose 0 = -2*j + g*j - 7. Calculate the highest common factor of 7 and j.
7
Suppose 4*d - 21*d = -1292. Calculate the greatest common factor of d and 684.
76
Let b = -34 - -98. Calculate the greatest common divisor of b and 80.
16
Let x = 2 - -12. Suppose -435 = -11*p + 566. What is the highest common factor of p and x?
7
Suppose -4*d + 1872 = 8*d. What is the greatest common divisor of 351 and d?
39
Suppose -5*a = 3*n - 970, 3*a = -n + 2*a + 324. Calculate the greatest common factor of 65 and n.
65
Suppose -18*b - 7*b = -375. Calculate the greatest common factor of b and 21.
3
Let p be (-3)/(1 + 1*-4). Let g be ((-4)/(-10))/(p/5). Let l be 47 - 2*(-3)/g. Calculate the highest common factor of l and 25.
25
Let k = 21 + -16. Suppose -3*y + 457 = -5*j, k*y = 2*y + 3*j + 447. Let i be -21*3*6/(-21). What is the greatest common factor of i and y?
18
Let b be -2 - -5 - 1/1. Suppose -b*y - 2*y - 6 = 2*t, 0 = y - 5*t - 4. Let w = y - -16. Calculate the highest common divisor of w and 120.
15
Let t be 2/(-1)*(-6 + 5). Suppose t = -2*k + 18. Let n = 29 + -9. Calculate the greatest common divisor of k and n.
4
Suppose 39*u = 48*u - 108. Calculate the greatest common divisor of u and 4.
4
Let x(c) = -c**2 - 7*c + 1. Let j be x(-3). Suppose -4*p - 26 = -2*d, -4*p - 8 = d - 21. Calculate the highest common factor of d and j.
13
Let m be 16/56 + 240/42. Suppose 2*u - 2*x + 0*x = 18, u - 4*x = 24. Let t be (u/(-5))/(2/(-15)). Calculate th